What is the greatest common factor of 31951 and 13283?
359
Calculate the greatest common factor of 455136 and 84.
12
What is the greatest common divisor of 63 and 29001?
21
What is the greatest common factor of 14656320 and 192?
192
Calculate the greatest common factor of 341 and 440.
11
What is the highest common factor of 2033 and 12407?
19
Calculate the highest common divisor of 192 and 556224.
192
What is the greatest common divisor of 333220 and 20?
20
Calculate the highest common factor of 58 and 9472618.
58
Calculate the greatest common factor of 55 and 6485545.
55
Calculate the greatest common divisor of 1190 and 3706.
34
Calculate the highest common factor of 814 and 92611.
37
Calculate the greatest common divisor of 35365 and 220.
55
What is the highest common divisor of 20 and 746320?
20
Calculate the highest common divisor of 546420 and 315.
105
Calculate the greatest common factor of 10620 and 1188.
36
What is the highest common factor of 673181 and 94?
47
Calculate the highest common factor of 108 and 618624.
108
What is the highest common factor of 345 and 515085?
345
Calculate the greatest common factor of 6349 and 406.
7
What is the highest common divisor of 97650 and 72695?
1085
Calculate the highest common factor of 37534 and 112.
14
What is the highest common divisor of 5722 and 4?
2
Calculate the highest common divisor of 3300 and 62100.
300
Calculate the highest common divisor of 52078 and 234.
26
Calculate the highest common factor of 41 and 13817.
41
Calculate the highest common divisor of 126 and 183568.
14
What is the greatest common divisor of 68547 and 219?
219
What is the greatest common factor of 150 and 574170?
30
Calculate the greatest common divisor of 31906 and 37842.
742
What is the highest common factor of 78 and 1480414?
26
What is the highest common factor of 448 and 365888?
64
What is the highest common divisor of 1151810 and 407?
407
Calculate the highest common divisor of 2212 and 2716.
28
Calculate the greatest common divisor of 8571 and 21.
3
What is the greatest common factor of 5290 and 2162?
46
What is the greatest common factor of 65767 and 208?
13
What is the highest common divisor of 382186 and 154?
14
What is the highest common factor of 30411 and 545?
109
Calculate the highest common factor of 315 and 2822400.
315
Calculate the greatest common factor of 26 and 801216.
26
What is the highest common divisor of 147 and 81?
3
What is the highest common factor of 2890240 and 640?
640
Calculate the highest common divisor of 41741 and 60501.
469
What is the greatest common divisor of 150059 and 2037?
679
What is the highest common factor of 2853 and 2536?
317
Calculate the greatest common divisor of 137846 and 5707.
439
Calculate the greatest common factor of 21091 and 262.
131
What is the greatest common divisor of 938 and 573386?
134
What is the greatest common divisor of 8205 and 165?
15
What is the greatest common divisor of 425 and 85867?
17
Calculate the greatest common factor of 360 and 64160.
40
Calculate the greatest common divisor of 98 and 28455.
7
What is the highest common factor of 25936 and 112?
16
Calculate the highest common factor of 60384 and 14824.
136
What is the greatest common divisor of 17381 and 1456?
91
What is the highest common factor of 9490 and 7215?
65
What is the greatest common factor of 585 and 16367?
13
Calculate the highest common factor of 11460 and 180.
60
Calculate the greatest common factor of 231686 and 21.
7
Calculate the greatest common divisor of 664114 and 66.
22
What is the highest common divisor of 10052 and 36?
4
What is the highest common divisor of 1886 and 109342?
46
What is the highest common divisor of 95 and 308750?
95
Calculate the greatest common factor of 377762 and 119.
7
Calculate the greatest common factor of 12 and 225627.
3
Calculate the highest common divisor of 215 and 1197120.
215
Calculate the highest common divisor of 1368 and 38358.
18
Calculate the greatest common factor of 5247 and 350595.
477
Calculate the greatest common factor of 896360 and 40.
40
Calculate the highest common factor of 255 and 20570.
85
Calculate the greatest common divisor of 241479 and 105.
21
What is the greatest common factor of 14495 and 585?
65
What is the greatest common divisor of 198 and 525558?
66
What is the highest common factor of 2810 and 115?
5
What is the highest common divisor of 63948 and 3066?
438
What is the highest common divisor of 14368 and 26042?
898
What is the greatest common factor of 919270 and 244?
122
What is the greatest common factor of 13032 and 1405827?
1629
What is the greatest common factor of 2405 and 32227?
481
Calculate the highest common factor of 375 and 23500.
125
Calculate the highest common divisor of 21912 and 264.
264
What is the greatest common factor of 23903 and 53?
53
What is the greatest common factor of 17328 and 288?
48
What is the highest common factor of 2424 and 516?
12
What is the greatest common factor of 24 and 55732?
4
What is the greatest common factor of 2130 and 1252014?
426
Calculate the highest common factor of 323 and 6973.
19
Calculate the greatest common factor of 4195602 and 5256.
1314
Calculate the highest common divisor of 910 and 23790.
130
Calculate the greatest common factor of 4361 and 49.
49
Calculate the highest common divisor of 22248 and 5400.
216
Calculate the greatest common factor of 98021 and 532.
133
What is the greatest common divisor of 320 and 41680?
80
Calculate the greatest common factor of 40122 and 162.
54
What is the greatest common factor of 1539 and 8343?
81
What is the highest common factor of 840 and 568470?
210
What is the greatest common divisor of 97697 and 151?
151
Calculate the highest common divisor of 28 and 4046.
14
What is the highest common divisor of 21147 and 12768?
399
Calculate the greatest common divisor of 74 and 6.
2
What is the highest common divisor of 186428 and 220?
44
What is the greatest common divisor of 15 and 2?
1
What is the highest common divisor of 4065 and 400809?
813
What is the greatest common divisor of 2680 and 10160?
40
What is the greatest common factor of 57 and 4465?
19
What is the greatest common divisor of 8584 and 114552?
296
What is the highest common divisor of 17 and 10912147?
17
Calculate the highest common divisor of 43385 and 85.
5
Calculate the highest common factor of 4792 and 2696.
8
Calculate the highest common factor of 252 and 983416.
28
Calculate the highest common factor of 45 and 7095750.
15
What is the highest common factor of 3 and 354639?
3
What is the greatest common factor of 22 and 4583414?
22
What is the greatest common divisor of 85323 and 68?
17
Calculate the highest common divisor of 123 and 59573.
41
Calculate the highest common factor of 109771 and 124.
31
Calculate the highest common factor of 560 and 219536.
16
Calculate the highest common divisor of 205 and 3785.
5
What is the greatest common factor of 3130 and 251026?
626
Calculate the greatest common divisor of 37170 and 10710.
630
Calculate the greatest common divisor of 289517 and 712.
89
What is the greatest common divisor of 233844 and 78?
78
Calculate the highest common factor of 7760 and 240.
80
What is the greatest common factor of 1735 and 104794?
347
Calculate the highest common divisor of 1303722 and 756.
378
What is the highest common factor of 724 and 3240262?
362
Calculate the highest common divisor of 9083 and 248.
31
What is the greatest common factor of 2981 and 81029?
271
What is the highest common divisor of 96375 and 375?
375
What is the highest common divisor of 674832 and 2992?
272
What is the highest common divisor of 42426 and 3474?
18
Calculate the highest common divisor of 6944 and 30256.
496
Calculate the highest common divisor of 391 and 195109.
391
What is the greatest common divisor of 7599 and 76437?
447
Calculate the highest common divisor of 288 and 400.
16
What is the highest common factor of 47188 and 502?
502
What is the greatest common factor of 64 and 4944?
16
Calculate the greatest common factor of 29 and 267061.
29
Calculate the highest common factor of 47 and 882331.
47
What is the highest common factor of 136627 and 951?
317
What is the highest common factor of 3315 and 111345?
195
What is the highest